[INFO] fetching crate accel 0.3.1...
[INFO] checking accel-0.3.1 against try#72f88fc4e9458f89516a0b8b0868f3718aec5b47 for pr-74989
[INFO] extracting crate accel 0.3.1 into /workspace/builds/worker-5/source
[INFO] validating manifest of crates.io crate accel 0.3.1 on toolchain 72f88fc4e9458f89516a0b8b0868f3718aec5b47
[INFO] running `Command { std: "/workspace/cargo-home/bin/cargo" "+72f88fc4e9458f89516a0b8b0868f3718aec5b47" "read-manifest" "--manifest-path" "Cargo.toml", kill_on_drop: false }`
[INFO] started tweaking crates.io crate accel 0.3.1
[INFO] finished tweaking crates.io crate accel 0.3.1
[INFO] tweaked toml for crates.io crate accel 0.3.1 written to /workspace/builds/worker-5/source/Cargo.toml
[INFO] crate crates.io crate accel 0.3.1 already has a lockfile, it will not be regenerated
[INFO] running `Command { std: "/workspace/cargo-home/bin/cargo" "+72f88fc4e9458f89516a0b8b0868f3718aec5b47" "fetch" "--locked" "--manifest-path" "Cargo.toml", kill_on_drop: false }`
[INFO] [stderr]     Blocking waiting for file lock on package cache
[INFO] [stderr]  Downloading crates ...
[INFO] [stderr]   Downloaded paste-impl v0.1.13
[INFO] [stderr]   Downloaded paste v0.1.13
[INFO] running `Command { std: "docker" "create" "-v" "/var/lib/crater-agent-workspace/builds/worker-5/target:/opt/rustwide/target:rw,Z" "-v" "/var/lib/crater-agent-workspace/builds/worker-5/source:/opt/rustwide/workdir:ro,Z" "-v" "/var/lib/crater-agent-workspace/cargo-home:/opt/rustwide/cargo-home:ro,Z" "-v" "/var/lib/crater-agent-workspace/rustup-home:/opt/rustwide/rustup-home:ro,Z" "-e" "SOURCE_DIR=/opt/rustwide/workdir" "-e" "CARGO_TARGET_DIR=/opt/rustwide/target" "-e" "CARGO_HOME=/opt/rustwide/cargo-home" "-e" "RUSTUP_HOME=/opt/rustwide/rustup-home" "-w" "/opt/rustwide/workdir" "-m" "1610612736" "--user" "0:0" "--network" "none" "rustops/crates-build-env@sha256:d92eaeed33fa75130ca1ee6c8a01d1ffb62bac859dfdfb3450e3e5d1c0146529" "/opt/rustwide/cargo-home/bin/cargo" "+72f88fc4e9458f89516a0b8b0868f3718aec5b47" "metadata" "--no-deps" "--format-version=1", kill_on_drop: false }`
[INFO] [stdout] bb2bc69bb4549cc089d7c25045fb6c43b6ace35b9dc17e2e6d33d5b6abd08956
[INFO] [stderr] WARNING: Your kernel does not support swap limit capabilities or the cgroup is not mounted. Memory limited without swap.
[INFO] running `Command { std: "docker" "start" "-a" "bb2bc69bb4549cc089d7c25045fb6c43b6ace35b9dc17e2e6d33d5b6abd08956", kill_on_drop: false }`
[INFO] running `Command { std: "docker" "inspect" "bb2bc69bb4549cc089d7c25045fb6c43b6ace35b9dc17e2e6d33d5b6abd08956", kill_on_drop: false }`
[INFO] running `Command { std: "docker" "rm" "-f" "bb2bc69bb4549cc089d7c25045fb6c43b6ace35b9dc17e2e6d33d5b6abd08956", kill_on_drop: false }`
[INFO] [stdout] bb2bc69bb4549cc089d7c25045fb6c43b6ace35b9dc17e2e6d33d5b6abd08956
[INFO] running `Command { std: "docker" "create" "-v" "/var/lib/crater-agent-workspace/builds/worker-5/target:/opt/rustwide/target:rw,Z" "-v" "/var/lib/crater-agent-workspace/builds/worker-5/source:/opt/rustwide/workdir:ro,Z" "-v" "/var/lib/crater-agent-workspace/cargo-home:/opt/rustwide/cargo-home:ro,Z" "-v" "/var/lib/crater-agent-workspace/rustup-home:/opt/rustwide/rustup-home:ro,Z" "-e" "SOURCE_DIR=/opt/rustwide/workdir" "-e" "CARGO_TARGET_DIR=/opt/rustwide/target" "-e" "CARGO_INCREMENTAL=0" "-e" "RUST_BACKTRACE=full" "-e" "RUSTFLAGS=--cap-lints=forbid" "-e" "CARGO_HOME=/opt/rustwide/cargo-home" "-e" "RUSTUP_HOME=/opt/rustwide/rustup-home" "-w" "/opt/rustwide/workdir" "-m" "1610612736" "--user" "0:0" "--network" "none" "rustops/crates-build-env@sha256:d92eaeed33fa75130ca1ee6c8a01d1ffb62bac859dfdfb3450e3e5d1c0146529" "/opt/rustwide/cargo-home/bin/cargo" "+72f88fc4e9458f89516a0b8b0868f3718aec5b47" "check" "--frozen" "--all" "--all-targets" "--message-format=json", kill_on_drop: false }`
[INFO] [stdout] 45025400aa75bed281adf36f36211926e2c106c5a4454a1a5fc78eb61f18e86b
[INFO] [stderr] WARNING: Your kernel does not support swap limit capabilities or the cgroup is not mounted. Memory limited without swap.
[INFO] running `Command { std: "docker" "start" "-a" "45025400aa75bed281adf36f36211926e2c106c5a4454a1a5fc78eb61f18e86b", kill_on_drop: false }`
[INFO] [stderr]    Compiling proc-macro2 v1.0.17
[INFO] [stderr]    Compiling syn v1.0.23
[INFO] [stderr]    Compiling autocfg v1.0.0
[INFO] [stderr]    Compiling libc v0.2.70
[INFO] [stderr]    Compiling serde v1.0.110
[INFO] [stderr]    Compiling semver-parser v0.7.0
[INFO] [stderr]    Compiling proc-macro2 v0.4.30
[INFO] [stderr]    Compiling ryu v1.0.4
[INFO] [stderr]    Compiling unicode-xid v0.1.0
[INFO] [stderr]    Compiling glob v0.3.0
[INFO] [stderr]     Checking scopeguard v1.1.0
[INFO] [stderr]    Compiling failure_derive v0.1.8
[INFO] [stderr]    Compiling gimli v0.21.0
[INFO] [stderr]    Compiling rayon-core v1.7.0
[INFO] [stderr]     Checking either v1.5.3
[INFO] [stderr]    Compiling anyhow v1.0.31
[INFO] [stderr]    Compiling object v0.19.0
[INFO] [stderr]    Compiling rustc-demangle v0.1.16
[INFO] [stderr]    Compiling proc-macro-hack v0.5.15
[INFO] [stderr]    Compiling maplit v1.0.2
[INFO] [stderr]     Checking regex-syntax v0.6.17
[INFO] [stderr]     Checking same-file v1.0.6
[INFO] [stderr]     Checking oorandom v11.1.1
[INFO] [stderr]     Checking itertools v0.9.0
[INFO] [stderr]    Compiling semver v0.9.0
[INFO] [stderr]    Compiling cuda-config v0.1.0
[INFO] [stderr]     Checking log v0.4.8
[INFO] [stderr]     Checking walkdir v2.3.1
[INFO] [stderr]     Checking csv-core v0.1.10
[INFO] [stderr]     Checking clap v2.33.1
[INFO] [stderr]    Compiling crossbeam-utils v0.7.2
[INFO] [stderr]    Compiling memoffset v0.5.4
[INFO] [stderr]    Compiling crossbeam-epoch v0.8.2
[INFO] [stderr]    Compiling num-traits v0.2.11
[INFO] [stderr]    Compiling rustc_version v0.2.3
[INFO] [stderr]    Compiling cuda-driver-sys v0.3.0
[INFO] [stderr]    Compiling quote v0.6.13
[INFO] [stderr]    Compiling cast v0.2.3
[INFO] [stderr]    Compiling quote v1.0.6
[INFO] [stderr]    Compiling syn v0.15.44
[INFO] [stderr]    Compiling dirs-sys v0.3.4
[INFO] [stderr]     Checking num_cpus v1.13.0
[INFO] [stderr]     Checking atty v0.2.14
[INFO] [stderr]    Compiling dirs v2.0.2
[INFO] [stderr]     Checking criterion-plot v0.4.2
[INFO] [stderr]     Checking regex v1.3.7
[INFO] [stderr]     Checking crossbeam-queue v0.2.1
[INFO] [stderr]     Checking crossbeam-deque v0.7.3
[INFO] [stderr]     Checking plotters v0.2.14
[INFO] [stderr]     Checking rayon v1.3.0
[INFO] [stderr]    Compiling addr2line v0.12.1
[INFO] [stderr]    Compiling backtrace v0.3.48
[INFO] [stderr]    Compiling num-derive v0.2.5
[INFO] [stderr]    Compiling synstructure v0.12.3
[INFO] [stderr]    Compiling serde_derive v1.0.110
[INFO] [stderr]    Compiling paste-impl v0.1.13
[INFO] [stderr]    Compiling thiserror-impl v1.0.19
[INFO] [stderr]    Compiling derive-new v0.5.8
[INFO] [stderr]     Checking paste v0.1.13
[INFO] [stderr]    Compiling failure v0.1.8
[INFO] [stderr]     Checking thiserror v1.0.19
[INFO] [stderr]     Checking bstr v0.2.13
[INFO] [stderr]     Checking serde_json v1.0.53
[INFO] [stderr]     Checking csv v1.1.3
[INFO] [stderr]    Compiling toml v0.5.6
[INFO] [stderr]     Checking tinytemplate v1.0.4
[INFO] [stderr]     Checking criterion v0.3.2
[INFO] [stderr]    Compiling accel-derive v0.3.0
[INFO] [stderr]     Checking accel v0.3.1 (/opt/rustwide/workdir)
[INFO] [stderr] error: toolchain 'nightly-2020-05-01-x86_64-unknown-linux-gnu' is not installed
[INFO] [stdout] 
[INFO] [stderr] 
[INFO] [stdout] 
[INFO] [stderr] error: toolchain 'nightly-2020-05-01-x86_64-unknown-linux-gnu' is not installed
[INFO] [stderr] 
[INFO] [stdout] error: custom attribute panicked
[INFO] [stdout]  --> examples/add.rs:3:1
[INFO] [stdout]   |
[INFO] [stdout] 3 | #[kernel]
[INFO] [stdout]   | ^^^^^^^^^
[INFO] [stdout]   |
[INFO] [stdout]   = help: message: Failed to compile to PTX: ErrorMessage { msg: "External command failed: \"cargo\" \"+nightly-2020-05-01\" \"fmt\"" }
[INFO] [stdout]           
[INFO] [stdout]              0: failure::backtrace::internal::InternalBacktrace::new
[INFO] [stdout]                        at /opt/rustwide/cargo-home/registry/src/github.com-1ecc6299db9ec823/failure-0.1.8/src/backtrace/internal.rs:46
[INFO] [stdout]              1: failure::backtrace::Backtrace::new
[INFO] [stdout]                        at /opt/rustwide/cargo-home/registry/src/github.com-1ecc6299db9ec823/failure-0.1.8/src/backtrace/mod.rs:121
[INFO] [stdout]              2: <failure::error::error_impl::ErrorImpl as core::convert::From<F>>::from
[INFO] [stdout]                        at /opt/rustwide/cargo-home/registry/src/github.com-1ecc6299db9ec823/failure-0.1.8/src/error/error_impl.rs:19
[INFO] [stdout]              3: <failure::error::Error as core::convert::From<F>>::from
[INFO] [stdout]                        at /opt/rustwide/cargo-home/registry/src/github.com-1ecc6299db9ec823/failure-0.1.8/src/error/mod.rs:36
[INFO] [stdout]              4: failure::error_message::err_msg
[INFO] [stdout]                        at /opt/rustwide/cargo-home/registry/src/github.com-1ecc6299db9ec823/failure-0.1.8/src/error_message.rs:12
[INFO] [stdout]              5: <std::process::Command as accel_derive::builder::CheckRun>::check_run
[INFO] [stdout]                        at /opt/rustwide/cargo-home/registry/src/github.com-1ecc6299db9ec823/accel-derive-0.3.0/src/builder.rs:29
[INFO] [stdout]              6: accel_derive::builder::compile_tokens
[INFO] [stdout]                        at /opt/rustwide/cargo-home/registry/src/github.com-1ecc6299db9ec823/accel-derive-0.3.0/src/builder.rs:106
[INFO] [stdout]              7: accel_derive::kernel
[INFO] [stdout]                        at /opt/rustwide/cargo-home/registry/src/github.com-1ecc6299db9ec823/accel-derive-0.3.0/src/lib.rs:34
[INFO] [stdout]              8: core::ops::function::FnOnce::call_once
[INFO] [stdout]                        at /rustc/72f88fc4e9458f89516a0b8b0868f3718aec5b47/library/core/src/ops/function.rs:227
[INFO] [stdout]              9: proc_macro::bridge::client::Client<fn(proc_macro::TokenStream,proc_macro::TokenStream) .> proc_macro::TokenStream>::expand2::run::{{closure}}
[INFO] [stdout]                        at /rustc/72f88fc4e9458f89516a0b8b0868f3718aec5b47/library/proc_macro/src/bridge/client.rs:425
[INFO] [stdout]             10: proc_macro::bridge::client::run_client::{{closure}}::{{closure}}
[INFO] [stdout]                        at /rustc/72f88fc4e9458f89516a0b8b0868f3718aec5b47/library/proc_macro/src/bridge/client.rs:378
[INFO] [stdout]             11: proc_macro::bridge::scoped_cell::ScopedCell<T>::set::{{closure}}
[INFO] [stdout]                        at /rustc/72f88fc4e9458f89516a0b8b0868f3718aec5b47/library/proc_macro/src/bridge/scoped_cell.rs:79
[INFO] [stdout]             12: proc_macro::bridge::scoped_cell::ScopedCell<T>::replace
[INFO] [stdout]                        at /rustc/72f88fc4e9458f89516a0b8b0868f3718aec5b47/library/proc_macro/src/bridge/scoped_cell.rs:74
[INFO] [stdout]             13: proc_macro::bridge::scoped_cell::ScopedCell<T>::set
[INFO] [stdout]                        at /rustc/72f88fc4e9458f89516a0b8b0868f3718aec5b47/library/proc_macro/src/bridge/scoped_cell.rs:79
[INFO] [stdout]             14: proc_macro::bridge::client::<impl proc_macro::bridge::Bridge>::enter::{{closure}}
[INFO] [stdout]                        at /rustc/72f88fc4e9458f89516a0b8b0868f3718aec5b47/library/proc_macro/src/bridge/client.rs:326
[INFO] [stdout]             15: std::thread::local::LocalKey<T>::try_with
[INFO] [stdout]                        at /rustc/72f88fc4e9458f89516a0b8b0868f3718aec5b47/library/std/src/thread/local.rs:271
[INFO] [stdout]             16: std::thread::local::LocalKey<T>::with
[INFO] [stdout]                        at /rustc/72f88fc4e9458f89516a0b8b0868f3718aec5b47/library/std/src/thread/local.rs:247
[INFO] [stdout]             17: proc_macro::bridge::client::<impl proc_macro::bridge::Bridge>::enter
[INFO] [stdout]                        at /rustc/72f88fc4e9458f89516a0b8b0868f3718aec5b47/library/proc_macro/src/bridge/client.rs:326
[INFO] [stdout]             18: proc_macro::bridge::client::run_client::{{closure}}
[INFO] [stdout]                        at /rustc/72f88fc4e9458f89516a0b8b0868f3718aec5b47/library/proc_macro/src/bridge/client.rs:371
[INFO] [stdout]             19: <std::panic::AssertUnwindSafe<F> as core::ops::function::FnOnce<()>>::call_once
[INFO] [stdout]                        at /rustc/72f88fc4e9458f89516a0b8b0868f3718aec5b47/library/std/src/panic.rs:308
[INFO] [stdout]             20: std::panicking::try::do_call
[INFO] [stdout]                        at /rustc/72f88fc4e9458f89516a0b8b0868f3718aec5b47/library/std/src/panicking.rs:381
[INFO] [stdout]             21: __rust_try
[INFO] [stdout]             22: std::panicking::try
[INFO] [stdout]                        at /rustc/72f88fc4e9458f89516a0b8b0868f3718aec5b47/library/std/src/panicking.rs:345
[INFO] [stdout]             23: std::panic::catch_unwind
[INFO] [stdout]                        at /rustc/72f88fc4e9458f89516a0b8b0868f3718aec5b47/library/std/src/panic.rs:382
[INFO] [stdout]             24: proc_macro::bridge::client::run_client
[INFO] [stdout]                        at /rustc/72f88fc4e9458f89516a0b8b0868f3718aec5b47/library/proc_macro/src/bridge/client.rs:370
[INFO] [stdout]             25: proc_macro::bridge::client::Client<fn(proc_macro::TokenStream,proc_macro::TokenStream) .> proc_macro::TokenStream>::expand2::run
[INFO] [stdout]                        at /rustc/72f88fc4e9458f89516a0b8b0868f3718aec5b47/library/proc_macro/src/bridge/client.rs:424
[INFO] [stdout]             26: proc_macro::bridge::server::run_server
[INFO] [stdout]             27: <rustc_expand::proc_macro::AttrProcMacro as rustc_expand::base::AttrProcMacro>::expand
[INFO] [stdout]             28: rustc_expand::expand::MacroExpander::fully_expand_fragment
[INFO] [stdout]             29: rustc_expand::expand::MacroExpander::expand_crate
[INFO] [stdout]             30: rustc_interface::passes::configure_and_expand_inner
[INFO] [stdout]             31: rustc_interface::passes::configure_and_expand::{{closure}}
[INFO] [stdout]             32: rustc_data_structures::box_region::PinnedGenerator<I,A,R>::new
[INFO] [stdout]             33: rustc_interface::passes::configure_and_expand
[INFO] [stdout]             34: rustc_interface::queries::Queries::expansion
[INFO] [stdout]             35: rustc_interface::queries::<impl rustc_interface::interface::Compiler>::enter
[INFO] [stdout]             36: rustc_span::with_source_map
[INFO] [stdout]             37: rustc_interface::interface::create_compiler_and_run
[INFO] [stdout]             38: scoped_tls::ScopedKey<T>::set
[INFO] [stdout]             39: std::sys_common::backtrace::__rust_begin_short_backtrace
[INFO] [stdout]             40: core::ops::function::FnOnce::call_once{{vtable.shim}}
[INFO] [stdout]             41: <alloc::boxed::Box<F> as core::ops::function::FnOnce<A>>::call_once
[INFO] [stdout]                        at /rustc/72f88fc4e9458f89516a0b8b0868f3718aec5b47/library/alloc/src/boxed.rs:1042
[INFO] [stdout]                 <alloc::boxed::Box<F> as core::ops::function::FnOnce<A>>::call_once
[INFO] [stdout]                        at /rustc/72f88fc4e9458f89516a0b8b0868f3718aec5b47/library/alloc/src/boxed.rs:1042
[INFO] [stdout]                 std::sys::unix::thread::Thread::new::thread_start
[INFO] [stdout]                        at /rustc/72f88fc4e9458f89516a0b8b0868f3718aec5b47/library/std/src/sys/unix/thread.rs:87
[INFO] [stdout]             42: start_thread
[INFO] [stdout]             43: clone
[INFO] [stdout]           
[INFO] [stdout] 
[INFO] [stdout] 
[INFO] [stdout] error[E0425]: cannot find function `add` in this scope
[INFO] [stdout]   --> examples/add.rs:30:5
[INFO] [stdout]    |
[INFO] [stdout] 30 |     add(
[INFO] [stdout]    |     ^^^ not found in this scope
[INFO] [stdout] 
[INFO] [stdout] 
[INFO] [stdout] error: aborting due to 2 previous errors
[INFO] [stdout] 
[INFO] [stdout] 
[INFO] [stdout] For more information about this error, try `rustc --explain E0425`.
[INFO] [stdout] 
[INFO] [stderr] error: could not compile `accel`.
[INFO] [stderr] 
[INFO] [stderr] To learn more, run the command again with --verbose.
[INFO] [stderr] warning: build failed, waiting for other jobs to finish...
[INFO] [stdout] error: custom attribute panicked
[INFO] [stdout]  --> tests/read_host_memory.rs:3:1
[INFO] [stdout]   |
[INFO] [stdout] 3 | #[kernel]
[INFO] [stdout]   | ^^^^^^^^^
[INFO] [stdout]   |
[INFO] [stdout]   = help: message: Failed to compile to PTX: ErrorMessage { msg: "External command failed: \"cargo\" \"+nightly-2020-05-01\" \"fmt\"" }
[INFO] [stdout]           
[INFO] [stdout]              0: failure::backtrace::internal::InternalBacktrace::new
[INFO] [stdout]                        at /opt/rustwide/cargo-home/registry/src/github.com-1ecc6299db9ec823/failure-0.1.8/src/backtrace/internal.rs:46
[INFO] [stdout]              1: failure::backtrace::Backtrace::new
[INFO] [stdout]                        at /opt/rustwide/cargo-home/registry/src/github.com-1ecc6299db9ec823/failure-0.1.8/src/backtrace/mod.rs:121
[INFO] [stdout]              2: <failure::error::error_impl::ErrorImpl as core::convert::From<F>>::from
[INFO] [stdout]                        at /opt/rustwide/cargo-home/registry/src/github.com-1ecc6299db9ec823/failure-0.1.8/src/error/error_impl.rs:19
[INFO] [stdout]              3: <failure::error::Error as core::convert::From<F>>::from
[INFO] [stdout]                        at /opt/rustwide/cargo-home/registry/src/github.com-1ecc6299db9ec823/failure-0.1.8/src/error/mod.rs:36
[INFO] [stdout]              4: failure::error_message::err_msg
[INFO] [stdout]                        at /opt/rustwide/cargo-home/registry/src/github.com-1ecc6299db9ec823/failure-0.1.8/src/error_message.rs:12
[INFO] [stdout]              5: <std::process::Command as accel_derive::builder::CheckRun>::check_run
[INFO] [stdout]                        at /opt/rustwide/cargo-home/registry/src/github.com-1ecc6299db9ec823/accel-derive-0.3.0/src/builder.rs:29
[INFO] [stdout]              6: accel_derive::builder::compile_tokens
[INFO] [stdout]                        at /opt/rustwide/cargo-home/registry/src/github.com-1ecc6299db9ec823/accel-derive-0.3.0/src/builder.rs:106
[INFO] [stdout]              7: accel_derive::kernel
[INFO] [stdout]                        at /opt/rustwide/cargo-home/registry/src/github.com-1ecc6299db9ec823/accel-derive-0.3.0/src/lib.rs:34
[INFO] [stdout]              8: core::ops::function::FnOnce::call_once
[INFO] [stdout]                        at /rustc/72f88fc4e9458f89516a0b8b0868f3718aec5b47/library/core/src/ops/function.rs:227
[INFO] [stdout]              9: proc_macro::bridge::client::Client<fn(proc_macro::TokenStream,proc_macro::TokenStream) .> proc_macro::TokenStream>::expand2::run::{{closure}}
[INFO] [stdout]                        at /rustc/72f88fc4e9458f89516a0b8b0868f3718aec5b47/library/proc_macro/src/bridge/client.rs:425
[INFO] [stdout]             10: proc_macro::bridge::client::run_client::{{closure}}::{{closure}}
[INFO] [stdout]                        at /rustc/72f88fc4e9458f89516a0b8b0868f3718aec5b47/library/proc_macro/src/bridge/client.rs:378
[INFO] [stdout]             11: proc_macro::bridge::scoped_cell::ScopedCell<T>::set::{{closure}}
[INFO] [stdout]                        at /rustc/72f88fc4e9458f89516a0b8b0868f3718aec5b47/library/proc_macro/src/bridge/scoped_cell.rs:79
[INFO] [stdout]             12: proc_macro::bridge::scoped_cell::ScopedCell<T>::replace
[INFO] [stdout]                        at /rustc/72f88fc4e9458f89516a0b8b0868f3718aec5b47/library/proc_macro/src/bridge/scoped_cell.rs:74
[INFO] [stdout]             13: proc_macro::bridge::scoped_cell::ScopedCell<T>::set
[INFO] [stdout]                        at /rustc/72f88fc4e9458f89516a0b8b0868f3718aec5b47/library/proc_macro/src/bridge/scoped_cell.rs:79
[INFO] [stdout]             14: proc_macro::bridge::client::<impl proc_macro::bridge::Bridge>::enter::{{closure}}
[INFO] [stdout]                        at /rustc/72f88fc4e9458f89516a0b8b0868f3718aec5b47/library/proc_macro/src/bridge/client.rs:326
[INFO] [stdout]             15: std::thread::local::LocalKey<T>::try_with
[INFO] [stdout]                        at /rustc/72f88fc4e9458f89516a0b8b0868f3718aec5b47/library/std/src/thread/local.rs:271
[INFO] [stdout]             16: std::thread::local::LocalKey<T>::with
[INFO] [stdout]                        at /rustc/72f88fc4e9458f89516a0b8b0868f3718aec5b47/library/std/src/thread/local.rs:247
[INFO] [stdout]             17: proc_macro::bridge::client::<impl proc_macro::bridge::Bridge>::enter
[INFO] [stdout]                        at /rustc/72f88fc4e9458f89516a0b8b0868f3718aec5b47/library/proc_macro/src/bridge/client.rs:326
[INFO] [stdout]             18: proc_macro::bridge::client::run_client::{{closure}}
[INFO] [stdout]                        at /rustc/72f88fc4e9458f89516a0b8b0868f3718aec5b47/library/proc_macro/src/bridge/client.rs:371
[INFO] [stdout]             19: <std::panic::AssertUnwindSafe<F> as core::ops::function::FnOnce<()>>::call_once
[INFO] [stdout]                        at /rustc/72f88fc4e9458f89516a0b8b0868f3718aec5b47/library/std/src/panic.rs:308
[INFO] [stdout]             20: std::panicking::try::do_call
[INFO] [stdout]                        at /rustc/72f88fc4e9458f89516a0b8b0868f3718aec5b47/library/std/src/panicking.rs:381
[INFO] [stdout]             21: __rust_try
[INFO] [stdout]             22: std::panicking::try
[INFO] [stdout]                        at /rustc/72f88fc4e9458f89516a0b8b0868f3718aec5b47/library/std/src/panicking.rs:345
[INFO] [stdout]             23: std::panic::catch_unwind
[INFO] [stdout]                        at /rustc/72f88fc4e9458f89516a0b8b0868f3718aec5b47/library/std/src/panic.rs:382
[INFO] [stdout]             24: proc_macro::bridge::client::run_client
[INFO] [stdout]                        at /rustc/72f88fc4e9458f89516a0b8b0868f3718aec5b47/library/proc_macro/src/bridge/client.rs:370
[INFO] [stdout]             25: proc_macro::bridge::client::Client<fn(proc_macro::TokenStream,proc_macro::TokenStream) .> proc_macro::TokenStream>::expand2::run
[INFO] [stdout]                        at /rustc/72f88fc4e9458f89516a0b8b0868f3718aec5b47/library/proc_macro/src/bridge/client.rs:424
[INFO] [stdout]             26: proc_macro::bridge::server::run_server
[INFO] [stdout]             27: <rustc_expand::proc_macro::AttrProcMacro as rustc_expand::base::AttrProcMacro>::expand
[INFO] [stdout]             28: rustc_expand::expand::MacroExpander::fully_expand_fragment
[INFO] [stdout]             29: rustc_expand::expand::MacroExpander::expand_crate
[INFO] [stdout]             30: rustc_interface::passes::configure_and_expand_inner
[INFO] [stdout]             31: rustc_interface::passes::configure_and_expand::{{closure}}
[INFO] [stdout]             32: rustc_data_structures::box_region::PinnedGenerator<I,A,R>::new
[INFO] [stdout]             33: rustc_interface::passes::configure_and_expand
[INFO] [stdout]             34: rustc_interface::queries::Queries::expansion
[INFO] [stdout]             35: rustc_interface::queries::<impl rustc_interface::interface::Compiler>::enter
[INFO] [stdout]             36: rustc_span::with_source_map
[INFO] [stdout]             37: rustc_interface::interface::create_compiler_and_run
[INFO] [stdout]             38: scoped_tls::ScopedKey<T>::set
[INFO] [stdout]             39: std::sys_common::backtrace::__rust_begin_short_backtrace
[INFO] [stdout]             40: core::ops::function::FnOnce::call_once{{vtable.shim}}
[INFO] [stdout]             41: <alloc::boxed::Box<F> as core::ops::function::FnOnce<A>>::call_once
[INFO] [stdout]                        at /rustc/72f88fc4e9458f89516a0b8b0868f3718aec5b47/library/alloc/src/boxed.rs:1042
[INFO] [stdout]                 <alloc::boxed::Box<F> as core::ops::function::FnOnce<A>>::call_once
[INFO] [stdout]                        at /rustc/72f88fc4e9458f89516a0b8b0868f3718aec5b47/library/alloc/src/boxed.rs:1042
[INFO] [stdout]                 std::sys::unix::thread::Thread::new::thread_start
[INFO] [stdout]                        at /rustc/72f88fc4e9458f89516a0b8b0868f3718aec5b47/library/std/src/sys/unix/thread.rs:87
[INFO] [stdout]             42: start_thread
[INFO] [stdout]             43: clone
[INFO] [stdout]           
[INFO] [stdout] 
[INFO] [stdout] 
[INFO] [stdout] error[E0425]: cannot find function `read_host_memory` in this scope
[INFO] [stdout]   --> tests/read_host_memory.rs:19:5
[INFO] [stdout]    |
[INFO] [stdout] 19 |     read_host_memory(ctx, 1, 4, &(&a.as_ptr(),))?;
[INFO] [stdout]    |     ^^^^^^^^^^^^^^^^ not found in this scope
[INFO] [stdout] 
[INFO] [stdout] 
[INFO] [stdout] error[E0425]: cannot find function `read_host_memory` in this scope
[INFO] [stdout]   --> tests/read_host_memory.rs:34:5
[INFO] [stdout]    |
[INFO] [stdout] 34 |     read_host_memory(ctx, 1, 4, &(&mem.as_ptr(),))?;
[INFO] [stdout]    |     ^^^^^^^^^^^^^^^^ not found in this scope
[INFO] [stdout] 
[INFO] [stdout] 
[INFO] [stdout] error: aborting due to 3 previous errors
[INFO] [stdout] 
[INFO] [stdout] 
[INFO] [stdout] For more information about this error, try `rustc --explain E0425`.
[INFO] [stdout] 
[INFO] [stderr] error: build failed
[INFO] running `Command { std: "docker" "inspect" "45025400aa75bed281adf36f36211926e2c106c5a4454a1a5fc78eb61f18e86b", kill_on_drop: false }`
[INFO] running `Command { std: "docker" "rm" "-f" "45025400aa75bed281adf36f36211926e2c106c5a4454a1a5fc78eb61f18e86b", kill_on_drop: false }`
[INFO] [stdout] 45025400aa75bed281adf36f36211926e2c106c5a4454a1a5fc78eb61f18e86b
